 Let o be v/(-4) + 7/28. Let l(s) = s + 5. What is l(o)?
5
Let b(r) = 8*r**2 + 1. Suppose w - 6*w = 45. Let i = w - -5. Let m = i - -5. Give b(m).
9
Let i(u) = -2*u**3 + 15*u**2 + 5*u + 3. Let x(t) = -t**3 + 7*t**2 + 2*t + 2. Let y(q) = 3*i(q) - 7*x(q). Calculate y(5).
25
Let x = 62 + -62. Let l(u) = -u**2 + u + 5. Calculate l(x).
5
Let y be 5*9*3/(-15). Let i(s) = s**3 + 11*s**2 + 12*s + 7. What is i(y)?
61
Let p(t) = 98 - t - 186 + 91. What is p(1)?
2
Suppose 5*y = 9*y - 36. Let n(d) = -d**3 + 10*d**2 - 9*d + 9. Give n(y).
9
Let z(p) = 22 + 69*p**2 - 23 + 0*p - p - 99*p**2. Give z(-1).
-30
Let x(b) = 12 - 23 - 5*b**2 + 4*b**2 + 13. Give x(-2).
-2
Suppose -101 + 89 = -4*i. Let h(c) = 2*c + c - 2*c - 2*c + i. What is h(4)?
-1
Let l(a) be the first derivative of -a**4/12 - 2*a**3/3 - 3*a**2/2 + a - 3. Let s(z) be the first derivative of l(z). Let x be (-250)/75*(-3)/(-2). Give s(x).
-8
Let n(b) = 4 + 1 - 3 - b + 0. What is n(-4)?
6
Let p(d) = -11 - d**3 + 6*d - 11 + 11*d - 4*d**2. Give p(-7).
6
Let k = 6 + -2. Let t be (-336)/24*(-10)/k. Let i = 33 - t. Let u(f) = f**2 + 2*f + 3. Determine u(i).
3
Let o(u) = u - 6. Suppose 21*k - 18*k = 24. Suppose 3*x - k = 1. What is o(x)?
-3
Let w be 3*(-3)/(-27) - (-5)/3. Let h(l) = 3*l**3 + l - 5*l + 3 - 2*l**w + l**2 - l**3. Suppose -s - 2 = -2*s. Determine h(s).
7
Let u(s) be the first derivative of -s**4/4 + s**3/3 + s + 60. Let g = 2 + 1. What is u(g)?
-17
Let k be 5/(-15)*0 - 3. Let m(v) = v**3 + 4*v**2 + v. Let w be m(k). Let p(d) = -d + 7. Calculate p(w).
1
Let h(y) = y**2 + 2*y. Let l be (1 + -2)*1 + -2. Calculate h(l).
3
Let n(f) = f**3 - 3*f**2 - 2*f + 10. Suppose 106*y - 170 = 148. Calculate n(y).
4
Let p(q) be the first derivative of q**3/3 + 5*q**2/2 + 3*q - 216. Determine p(-9).
39
Let m(a) = a**2 + 6*a. Suppose -4*n - 3*v = 7 + 18, -2*v = 3*n + 18. Calculate m(n).
-8
Let d(v) = 10*v - 58. Let l(q) = -q + 2. Let r(p) = -d(p) - 6*l(p). What is r(11)?
2
Let a(o) = -2*o**2 + 3*o + 4. Let q be (4/8)/(1/8). Suppose -2*z + 1 = -3. Suppose 2*j = -j + c + q, z*j = -3*c + 21. Determine a(j).
-5
Let g(m) = -m**2 + 9*m + 2. Let a be 13/1 + (-9)/(180/100). Give g(a).
10
Let s be 2 - (-3 + 8/2). Let k(u) = 2*u**2 + 2*u**2 - 2*u**2. Let b be k(s). Let g(o) = -5*o + 1. What is g(b)?
-9
Let q = -33 - -41. Suppose 43 = -7*w + q. Let c(r) = r + 3. Give c(w).
-2
Let d(l) = -3*l**3 + 4*l**2 + 5*l - 4. Let v(k) = 7*k**3 - 7*k**2 - 12*k + 7. Let m(x) = -5*d(x) - 2*v(x). Give m(6).
0
Let r(q) = q**3 - q**2 + 3. Suppose -4*l - 3*u + 2 = -5*u, -6*l + 2*u = -6. Calculate r(l).
7
Suppose -5*y - 10 = 3*b + 15, 3*b - 5 = y. Suppose -5*w - 5 - 5 = b. Let u(q) = -7*q + 1. Let p(x) = 15*x - 2. Let z(s) = -4*p(s) - 9*u(s). Calculate z(w).
-7
Let i = 1 - 2. Let p be 33/(-9) - i/(-3). Let o(y) = 0*y - 10*y - 5*y + 8 + 10*y + 6*y. Calculate o(p).
4
Let t(v) = -2*v**2 - 6*v - 6. Suppose -3*m = -78 + 93. What is t(m)?
-26
Let j(h) = h - 1. Let u be j(3). Let o = 3 - u. Let p(v) be the third derivative of v**5/15 - v**3/6 - 232*v**2. Calculate p(o).
3
Let g(f) be the second derivative of -f**3/3 - 19*f**2/2 - 77*f. Determine g(-4).
-11
Suppose 36 = 18*s - 27*s. Let c(q) = -q - 3. What is c(s)?
1
Let n(r) = 1. Let g(d) = -4*d**3 + 37*d**2 - 5*d + 21. Let k(j) = j**3 - 9*j**2 + j - 5. Let c(i) = -2*g(i) - 9*k(i). Let l(s) = c(s) - 2*n(s). Determine l(7).
8
Let x(f) = 11*f - 10. Let y(k) = -5*k + 5. Let b(z) = 6*x(z) + 13*y(z). Let l = 35 + -41. Let p be (-2)/(-4) - (-33)/l. What is b(p)?
0
Let h(n) = -2*n + 3. Let r be -2 + (78 - 3 - 4). Let t be r/(-5) - (-6)/(-30). Let c = -17 - t. What is h(c)?
9
Let m(x) = -4*x. Let o(d) = -4*d - 3. Let i(t) = 4*m(t) - 3*o(t). Calculate i(6).
-15
Let x(d) = -d**3 + 4*d**2 + 5*d + 4. Suppose 7*c - 11*c + 36 = 0. Suppose 29 = c*s - 16. Determine x(s).
4
Let j(v) = 7*v**2 - 11. Let m(l) = 39 - 3*l**2 - 17 - 17. Let y(q) = -6*j(q) - 13*m(q). Let u be y(-1). Let b(d) = 2*d**3 + 2*d**2 + 3*d + 2. What is b(u)?
-12
Let p(h) = -h**3 + 8*h**2 + 3*h - 9. Let s be p(8). Let t(c) = -2*c**2 + c + c**3 + 2*c**2 - s + 18 + 4*c**2. What is t(-3)?
9
Let q(b) = -b**2 + 9*b - 6. Suppose 16 = 143*d - 139*d. Determine q(d).
14
Let h(c) = -3*c - 2. Let d(q) = -q**3 + 3*q + 1. Let j be d(-2). Suppose 2*r - j = -r. Let z = r + -3. Give h(z).
4
Let o(t) = -t**2 - t + 29. Let k be o(-6). Let y(q) = q - 1. What is y(k)?
-2
Let k(s) = 5*s**3 + s**2 + s + 1. Let m(d) = 14*d**3 - 13*d**2 + d + 2. Let w(v) = 3*k(v) - m(v). Determine w(-16).
-31
Let z(m) = 0*m - 20 - 2*m + 34. Suppose 2*h - 3 = 3. Let d(g) = -g + 5. Let n(x) = h*z(x) - 8*d(x). Give n(-6).
-10
Let l(j) = j**3 - 6*j**2 + 5*j + 4. Let k(b) be the third derivative of -b**5/60 - 7*b**4/24 - b**3/3 + 15*b**2. Let c be k(-6). Calculate l(c).
-8
Suppose -3*o + 2*y = -2*y + 30, 0 = -4*o - 5*y - 9. Let u(b) = 3 + b**2 + 2 + 271*b - 265*b. What is u(o)?
5
Let c(q) = -q**2 + 2*q + 6. Let z = -1686 + 1690. What is c(z)?
-2
Let f(n) = -3*n + 18. Let s(j) = j + 2. Let d(h) = f(h) + 6*s(h). Determine d(-9).
3
Let c be (16/(128/(-8)))/((-1)/(-2)). Let o = -2 + 3. Let s(u) = u + o - 5*u**2 + 2*u**2 + 0*u**2. What is s(c)?
-13
Let y(m) = -m - 1. Let t be y(-4). Let k(o) = t*o - o - o. Suppose 27*c + 93 - 12 = 0. Calculate k(c).
-3
Let g(b) = 25*b + 21*b - 45*b - 1. Give g(-5).
-6
Let t(s) = -5*s - 55. Let o be (-5)/(-35*(-9)/756). What is t(o)?
5
Let r(n) = n**2 - 6*n - 3. Let v = 55 + -29. Let o = 18 - 20. Let t be v/13 - 6/o. Determine r(t).
-8
Suppose 5*t = 9*t - 16. Let j(k) = -k**3 - 4*k**2 + k. Let a(z) = -6*z**3 - 20*z**2 + 5*z + 1. Let g(i) = 2*a(i) - 11*j(i). What is g(t)?
-2
Let y(s) = -s + 1. Let w be 0/(-2) - (-88)/8. Suppose -1 = 5*r - w. Suppose 0 = -r*h - 13 + 5. What is y(h)?
5
Let j be 1 - (2*-1)/(-2). Let y(x) = -547 + x**2 - 544 + 1093 - x**3 + x. Determine y(j).
2
Let w be ((-16)/15 + (-42)/(-630))*4. Let o(x) be the second derivative of x**5/20 + x**4/3 - x**3/6 - x**2 + x. Determine o(w).
2
Let b(n) be the third derivative of 0 + 1/6*n**3 - 1/12*n**4 + 31*n**2 + 0*n + 1/20*n**5. Determine b(1).
2
Let m(f) = -3*f**3 - f**2 - 3*f - 2. Suppose 3*w - 104 = -167. Let n be 1*-5 - (w - -18). Calculate m(n).
24
Let k(t) = -88*t**2 + 3*t + 180*t**2 + 2 - 1 - 6*t - 93*t**2. Let m(l) = 3*l + 1. Let n be m(-2). What is k(n)?
-9
Let d = 22 - 15. Suppose -5*c = -d*c. Suppose c = 7*b - 11*b - 24. Let o(y) = -y - 2. What is o(b)?
4
Let m(p) = -p**3 - 8*p**2 + 19*p - 11. Suppose -d = -2, 112 = -n + 5*d + 92. Calculate m(n).
-1
Let u(n) = n**2 + 2*n - 2. Let h(o) = -o**3 + 4*o**2 - o + 7. Let c be h(4). Suppose 3*k + c = 4*k. What is u(k)?
13
Let r(a) = 2 + 3*a - 2*a + 1. Suppose 115*k - 3*l = 119*k + 9, 4*k - 4*l + 44 = 0. What is r(k)?
-3
Let y(t) = -4*t**3 + 3*t**2 - 4 - t + 2*t + 3*t + 3*t**3. Let s = 54 - 45. Suppose 6*r - s = 9. What is y(r)?
8
Suppose -2*z - 3*a = -14, -3*z + a - 1 = -0*a. Let c(d) = 405*d - 406*d + 53*d**2 - 8*d**3 - 19*d**2 - 17*d**2 - 16*d**2. Calculate c(z).
-8
Let y(h) = -h + 1. Suppose -11 = -3*m + 4*b + 1, 0 = m - 2*b - 4. Let q be y(m). Let c(x) be the first derivative of -x**3/3 - x**2 + 4*x - 37155. Give c(q).
1
Let w(j) be the second derivative of -2/3*j**3 + 0 + 1/10*j**5 - 1/4*j**4 + 0*j**2 + 5*j. Give w(3).
15
Let a(x) = -1 + 1 + 8*x**2. Let h be (120/5)/6*102/4. Let y = h - 103. Calculate a(y).
8
Let l be 18/(-45) - 38/5. Let o = -2 - l. Let r(s) = -23 + 16 + 16 - 3*s + s. Determine r(o).
-3
Let h(q) = -q**3 - 5*q**2 + q + 3. Let u be (-7)/((-140)/(-8)) + (-184)/40. Give h(u).
-2
Let n be ((-12)/(-8))/((-1)/(-2)). Suppose 0 - 6 = n*q, 1 = -3*g + 4*q. Let x(z) = -z**2 - 6*z. Determine x(g).
9
Let h(m) = -m**2 - 11*m + 33. Let l be h(-12). Suppose 18*o - l*o = 0. Let z(v) be the first derivative of v**4/4 - v**3/3 + v**2/2 - 2*v + 1. Give z(o).
-2
Let b(q) be the second derivative of -q**5/20 - q**4/2 + 7*q**3/6 - 7*q**2/2 - 11*q. Let o(y) = y - 1. Let j be o(-6). Give b(j).
-7
Let d be ((-30)/(-45))/((-6)/45). Let m(y) = -y**2 - 8*y - 7. Determine m(d).
8
Let k(x) be the first derivative of -x**3/3 - 3*x**2 + 2*x + 21. Let m(j) = -j**3 + 6*j**2 + 6*j. Let l be m(7). Calculate k(l).
-5
Let z(h) = 2*h**2 - 11*h - 34. Let m be z(8). Let c be (5 + (3 - m))/(2*1). Let p(y) = -9*y**3 - y + 1. Determine p(c).
-9
Let y be -2*(20/(-8))/(-5)*